{"id":134,"date":"2021-10-10T16:35:46","date_gmt":"2021-10-10T16:35:46","guid":{"rendered":"http:\/\/adventure-tours.themedelight.com\/?post_type=product&#038;p=134"},"modified":"2026-01-01T09:35:22","modified_gmt":"2026-01-01T09:35:22","slug":"trolling-fishing-snorkeling","status":"publish","type":"product","link":"https:\/\/fishingcorralejo.com\/index.php\/tours\/trolling-fishing-snorkeling\/","title":{"rendered":"Fishing and Snorkeling 3h"},"content":{"rendered":"<h1>2 in 1: Fishing, Snorkeling<\/h1>\n<p>&nbsp;<\/p>\n<p>In this excursion we have: bath with snorkel anchored in the wharf of wolves and we will also practice\u00a0 fishing with two rods on, maximum 4 people!<\/p>\n<p><img loading=\"lazy\" decoding=\"async\" class=\"alignnone size-medium wp-image-1510\" src=\"https:\/\/i0.wp.com\/fishingcorralejo.com\/wp-content\/uploads\/2015\/07\/gopr2578_1629812756970_optimized.jpg?resize=300%2C225&#038;ssl=1\" alt=\"\" width=\"300\" height=\"225\" srcset=\"https:\/\/i0.wp.com\/fishingcorralejo.com\/wp-content\/uploads\/2015\/07\/gopr2578_1629812756970_optimized-scaled.jpg?resize=300%2C225&amp;ssl=1 300w, https:\/\/i0.wp.com\/fishingcorralejo.com\/wp-content\/uploads\/2015\/07\/gopr2578_1629812756970_optimized-scaled.jpg?resize=1024%2C768&amp;ssl=1 1024w, https:\/\/i0.wp.com\/fishingcorralejo.com\/wp-content\/uploads\/2015\/07\/gopr2578_1629812756970_optimized-scaled.jpg?resize=768%2C576&amp;ssl=1 768w, https:\/\/i0.wp.com\/fishingcorralejo.com\/wp-content\/uploads\/2015\/07\/gopr2578_1629812756970_optimized-scaled.jpg?resize=1536%2C1152&amp;ssl=1 1536w, https:\/\/i0.wp.com\/fishingcorralejo.com\/wp-content\/uploads\/2015\/07\/gopr2578_1629812756970_optimized-scaled.jpg?resize=2048%2C1536&amp;ssl=1 2048w, https:\/\/i0.wp.com\/fishingcorralejo.com\/wp-content\/uploads\/2015\/07\/gopr2578_1629812756970_optimized-scaled.jpg?resize=600%2C450&amp;ssl=1 600w, https:\/\/i0.wp.com\/fishingcorralejo.com\/wp-content\/uploads\/2015\/07\/gopr2578_1629812756970_optimized-scaled.jpg?w=2244&amp;ssl=1 2244w\" sizes=\"auto, (max-width: 300px) 100vw, 300px\" data-recalc-dims=\"1\" \/><\/p>\n<p id=\"tw-target-text\" class=\"tw-data-text tw-text-large XcVN5d tw-ta\" dir=\"ltr\" data-placeholder=\"Ford\u00edt\u00e1s\"><span lang=\"en\">Fishing excursions allow you to know in detail the privileged environment of the coast of Fuerteventura and Isla de Lobos from the hand of fishermen, who become a fishing boat in exceptional guides.<\/span><\/p>\n<p dir=\"ltr\" data-placeholder=\"Ford\u00edt\u00e1s\"><img loading=\"lazy\" decoding=\"async\" class=\"alignnone size-medium wp-image-1512\" src=\"https:\/\/i0.wp.com\/fishingcorralejo.com\/wp-content\/uploads\/2015\/07\/gopr2607_1629814872236_optimized.jpg?resize=300%2C225&#038;ssl=1\" alt=\"\" width=\"300\" height=\"225\" srcset=\"https:\/\/i0.wp.com\/fishingcorralejo.com\/wp-content\/uploads\/2015\/07\/gopr2607_1629814872236_optimized-scaled.jpg?resize=300%2C225&amp;ssl=1 300w, https:\/\/i0.wp.com\/fishingcorralejo.com\/wp-content\/uploads\/2015\/07\/gopr2607_1629814872236_optimized-scaled.jpg?resize=1024%2C768&amp;ssl=1 1024w, https:\/\/i0.wp.com\/fishingcorralejo.com\/wp-content\/uploads\/2015\/07\/gopr2607_1629814872236_optimized-scaled.jpg?resize=768%2C576&amp;ssl=1 768w, https:\/\/i0.wp.com\/fishingcorralejo.com\/wp-content\/uploads\/2015\/07\/gopr2607_1629814872236_optimized-scaled.jpg?resize=1536%2C1152&amp;ssl=1 1536w, https:\/\/i0.wp.com\/fishingcorralejo.com\/wp-content\/uploads\/2015\/07\/gopr2607_1629814872236_optimized-scaled.jpg?resize=2048%2C1536&amp;ssl=1 2048w, https:\/\/i0.wp.com\/fishingcorralejo.com\/wp-content\/uploads\/2015\/07\/gopr2607_1629814872236_optimized-scaled.jpg?resize=600%2C450&amp;ssl=1 600w, https:\/\/i0.wp.com\/fishingcorralejo.com\/wp-content\/uploads\/2015\/07\/gopr2607_1629814872236_optimized-scaled.jpg?w=2244&amp;ssl=1 2244w\" sizes=\"auto, (max-width: 300px) 100vw, 300px\" data-recalc-dims=\"1\" \/><\/p>\n<p id=\"tw-target-text\" class=\"tw-data-text tw-text-large XcVN5d tw-ta\" dir=\"ltr\" data-placeholder=\"Ford\u00edt\u00e1s\"><span lang=\"en\">These excursions are to share exclusively with your group of friends or family and the entire boat is reserved when making the purchase. It does not matter how many you are as long as the capacity established in each excursion is not exceeded, since the price is fixed and the trip is not shared with anyone else.<\/span><\/p>\n<p dir=\"ltr\" data-placeholder=\"Ford\u00edt\u00e1s\"><strong><span style=\"color: #0000ff;\">Contact us for availability by WhatsApp before booking!:<\/span> <\/strong><div data-number=\"34620016158\" data-pre_filled=\"\" data-style=\"2\" style=\"display: inline; cursor: pointer; z-index: 99999999; \" class=\"ht-ctc-sc ht-ctc-sc-chat sc-style-2 ht-ctc-inline\">\r\n<img decoding=\"async\" class=\"img-icon ctc-analytics ctc_cta\" title=\"WhatsApp us\" style=\"height: 50px;\" src=\"https:\/\/fishingcorralejo.com\/wp-content\/plugins\/click-to-chat-for-whatsapp\/.\/new\/inc\/assets\/img\/whatsapp-icon-square.svg\" alt=\"WhatsApp us\"\/>\r\n<\/div><p><!--more--><\/p>\n<table class=\"table table-bordered tours-tabs__table\" style=\"height: 320px; width: 80.6036%;\" width=\"862\">\n<tbody>\n<tr style=\"height: 24px;\">\n<td style=\"height: 24px;\"><strong>DEPARTURE\/RETURN LOCATION<\/strong><\/td>\n<td style=\"height: 24px;\">Corralejo Dock<\/td>\n<\/tr>\n<tr style=\"height: 24px;\">\n<td style=\"height: 24px;\"><strong>DEPARTURE TIME<\/strong><\/td>\n<td style=\"height: 24px;\">8:00 AM<\/td>\n<\/tr>\n<tr style=\"height: 24px;\">\n<td style=\"height: 24px;\"><\/td>\n<td style=\"height: 24px;\"><\/td>\n<\/tr>\n<tr style=\"height: 24px;\">\n<td style=\"height: 24px;\"><strong>WEAR<\/strong><\/td>\n<td style=\"height: 24px;\">Comfortable athletic clothing, hat, jacket<\/td>\n<\/tr>\n<tr style=\"height: 136px;\">\n<td style=\"height: 136px;\"><strong>INCLUDED<\/strong><\/td>\n<td style=\"height: 136px;\">\n<table class=\"table table-bordered\" style=\"height: 62px;\" width=\"300\">\n<tbody>\n<tr>\n<td><i class=\"fa fa-check icon-tick icon-tick--on\"><\/i>All fishing equipment<\/td>\n<td><i class=\"fa fa-check icon-tick icon-tick--on\"><\/i>Sandwich, Drink<\/td>\n<\/tr>\n<tr>\n<td><i class=\"fa fa-check icon-tick icon-tick--on\"><\/i>Snorkel time<\/td>\n<td><i class=\"fa fa-check icon-tick icon-tick--on\"><\/i>Insurance<\/td>\n<\/tr>\n<\/tbody>\n<\/table>\n<\/td>\n<\/tr>\n<tr style=\"height: 88px;\">\n<td style=\"height: 88px;\"><\/td>\n<td style=\"height: 88px;\"><\/td>\n<\/tr>\n<\/tbody>\n<\/table>\n<p>&nbsp;<\/p>\n","protected":false},"excerpt":{"rendered":"<p>2 in 1: Fishing, Snorkeling &nbsp; In this excursion we have: bath with snorkel anchored in the wharf of wolves and we will also practice\u00a0 fishing with two rods on, maximum 4 people! Fishing excursions allow you to know in detail the privileged environment of the coast of Fuerteventura and Isla de Lobos from the<\/p>\n<div class=\"padding-top text-center\"><a href=\"https:\/\/fishingcorralejo.com\/index.php\/tours\/trolling-fishing-snorkeling\/\" class=\"atbtn atbtn--medium atbtn--rounded atbtn--transparent\">Read more<i class=\"atbtn__icon atbtn__icon--right fa fa-long-arrow-right\"><\/i><\/a><\/div>\n","protected":false},"featured_media":1508,"comment_status":"open","ping_status":"closed","template":"","meta":[],"product_brand":[],"product_cat":[17],"product_tag":[],"class_list":{"0":"post-134","1":"product","2":"type-product","3":"status-publish","4":"has-post-thumbnail","6":"product_cat-uncategorized","7":"tour_category-deals-and-discounts","8":"tour_category-meals-included","9":"tour_category-sports","10":"tour_category-usa","11":"tour_category-watersport","12":"tour_category-weather-dependant","14":"first","15":"instock","16":"sale","17":"shipping-taxable","18":"purchasable","19":"product-type-tour"},"jetpack-related-posts":[{"id":1318,"url":"https:\/\/fishingcorralejo.es\/index.php\/tours\/pesca-en-familia-con-snorkel\/","url_meta":{"origin":134,"position":0},"title":"Pesca con Snorkel 3h","date":"October 10, 2021","format":false,"excerpt":"2 en 1: Pesca y Snorkel \u00a0 En esta excursi\u00f3n contamos con: ba\u00f1o con snorkel anclado en el muelle de los Lobos y tambi\u00e9n practicaremos pesca con dos ca\u00f1as puestas, m\u00e1ximo 4 personas! Barracuda Pejerrey Peces sierra Las excursiones de pesca permiten conocer en detalle el entorno privilegiado de la\u2026","rel":"","context":"With 6 comments","img":{"alt_text":"","src":"https:\/\/i0.wp.com\/fishingcorralejo.com\/wp-content\/uploads\/2015\/07\/gopr2602_1629814872236_optimized-scaled.jpg?resize=350%2C200&ssl=1","width":350,"height":200},"classes":[]},{"id":117,"url":"https:\/\/fishingcorralejo.com\/index.php\/tours\/private-bottom-fishing-5h\/","url_meta":{"origin":134,"position":1},"title":"Private Bottom Fishing 5h","date":"October 10, 2021","format":false,"excerpt":"Private Bottom Fishing 5h On this 5-hour trip, you'll enjoy the waters off the coast of Corralejo by bottom fishing or drift fishing for a variety of species. The captain will provide you with all the required tackle. Contact us for availability by WhatsApp before booking!: DEPARTURE\/RETURN LOCATION Corralejo Dock\u2026","rel":"","context":"With 9 comments","img":{"alt_text":"","src":"https:\/\/i0.wp.com\/fishingcorralejo.com\/wp-content\/uploads\/2015\/07\/IMG_20191221_145818_650.jpg?resize=350%2C200&ssl=1","width":350,"height":200},"classes":[]},{"id":1257,"url":"https:\/\/fishingcorralejo.com\/index.php\/tours\/bottom-fishing-5h-shared\/","url_meta":{"origin":134,"position":2},"title":"Fishing 5h Shared","date":"October 10, 2021","format":false,"excerpt":"On this 5-hour trip, you'll enjoy the waters off the coast of Canarias by bottom fishing or drift fishing for a variety of species. The captain will provide you with all the required tackle. Contact us for availability by WhatsApp before booking!: DEPARTURE\/RETURN LOCATION Corralejo Dock DEPARTURE TIME 8:00 Am\u2026","rel":"","context":"With 14 comments","img":{"alt_text":"","src":"https:\/\/i0.wp.com\/fishingcorralejo.com\/wp-content\/uploads\/2021\/10\/20200812_130402-1_optimized-scaled.jpg?resize=350%2C200&ssl=1","width":350,"height":200},"classes":[]},{"id":1253,"url":"https:\/\/fishingcorralejo.com\/index.php\/tours\/night-fishing-5h\/","url_meta":{"origin":134,"position":3},"title":"Private Night Fishing 5h","date":"October 10, 2021","format":false,"excerpt":"Hit the waters for predators","rel":"","context":"Similar post","img":{"alt_text":"","src":"https:\/\/i0.wp.com\/fishingcorralejo.com\/wp-content\/uploads\/2021\/10\/20210120_192147_optimized-scaled.jpg?resize=350%2C200&ssl=1","width":350,"height":200},"classes":[]},{"id":1251,"url":"https:\/\/fishingcorralejo.com\/index.php\/tours\/private-trolling-fishing-8h\/","url_meta":{"origin":134,"position":4},"title":"Private Trolling Fishing 8h","date":"October 10, 2021","format":false,"excerpt":"Hit the waters for predators","rel":"","context":"Similar post","img":{"alt_text":"","src":"https:\/\/i0.wp.com\/fishingcorralejo.com\/wp-content\/uploads\/2021\/10\/trolling-fishing-corralejo.jpeg?resize=350%2C200&ssl=1","width":350,"height":200},"classes":[]},{"id":126,"url":"https:\/\/fishingcorralejo.com\/index.php\/tours\/private-trolling-charter\/","url_meta":{"origin":134,"position":5},"title":"Private Trolling Fishing 5h","date":"October 10, 2021","format":false,"excerpt":"Hit the waters for predators","rel":"","context":"With 2 comments","img":{"alt_text":"","src":"https:\/\/i0.wp.com\/fishingcorralejo.com\/wp-content\/uploads\/2015\/07\/20210428_164302-1_optimized-scaled.jpg?resize=350%2C200&ssl=1","width":350,"height":200},"classes":[]}],"_links":{"self":[{"href":"https:\/\/fishingcorralejo.com\/index.php\/wp-json\/wp\/v2\/product\/134","targetHints":{"allow":["GET"]}}],"collection":[{"href":"https:\/\/fishingcorralejo.com\/index.php\/wp-json\/wp\/v2\/product"}],"about":[{"href":"https:\/\/fishingcorralejo.com\/index.php\/wp-json\/wp\/v2\/types\/product"}],"replies":[{"embeddable":true,"href":"https:\/\/fishingcorralejo.com\/index.php\/wp-json\/wp\/v2\/comments?post=134"}],"wp:featuredmedia":[{"embeddable":true,"href":"https:\/\/fishingcorralejo.com\/index.php\/wp-json\/wp\/v2\/media\/1508"}],"wp:attachment":[{"href":"https:\/\/fishingcorralejo.com\/index.php\/wp-json\/wp\/v2\/media?parent=134"}],"wp:term":[{"taxonomy":"product_brand","embeddable":true,"href":"https:\/\/fishingcorralejo.com\/index.php\/wp-json\/wp\/v2\/product_brand?post=134"},{"taxonomy":"product_cat","embeddable":true,"href":"https:\/\/fishingcorralejo.com\/index.php\/wp-json\/wp\/v2\/product_cat?post=134"},{"taxonomy":"product_tag","embeddable":true,"href":"https:\/\/fishingcorralejo.com\/index.php\/wp-json\/wp\/v2\/product_tag?post=134"}],"curies":[{"name":"wp","href":"https:\/\/api.w.org\/{rel}","templated":true}]}}